{"id":9011,"date":"2025-03-18T14:47:34","date_gmt":"2025-03-18T13:47:34","guid":{"rendered":"https:\/\/www.allez.ch\/web\/?post_type=product&#038;p=9011"},"modified":"2025-10-28T16:57:37","modified_gmt":"2025-10-28T15:57:37","slug":"chef-kitchen","status":"publish","type":"product","link":"https:\/\/www.allez.ch\/web\/shop\/chef-kitchen\/","title":{"rendered":"CHEF!\u2122 Kitchen"},"content":{"rendered":"","protected":false},"excerpt":{"rendered":"<h4>Egal, ob du eine leidenschaftliche Hobbyk\u00f6chin, ein begeisterter Hobbykoch, eine erfahrene Chefk\u00f6chin, ein versierter Chefkoch oder eine multitasking-starke Hausfrau und Mutter bist \u2013 die CHEF!\u2122 Solid Lotion ist genau das Richtige f\u00fcr dich.<\/h4>\n<p>Beim Schneiden, Kochen, Putzen, Abwaschen und bei der t\u00e4glichen Arbeit in Haushalt und K\u00fcche wird unsere Haut stark beansprucht: St\u00e4ndiges Wasser, Hitze und scharfe Klingen k\u00f6nnen deiner Haut schnell zusetzen. Mit der CHEF!\u2122 Solid Lotion kannst du deine Haut optimal pflegen und sch\u00fctzen \u2013 damit du dich ganz auf deine &#171;kulinarischen Meisterwerke&#187; und weiterhin um deine Lieben k\u00fcmmern kannst!<\/p>\n<p>Auch perfekt als Geschenk! <em>Say thanks Mom with Climb On!<\/em><\/p>\n<p>ANWENDUNG: Diese feste Lotion ist perfekt f\u00fcr die kleineren, intensiveren Hautpartien. Hast du dich verbrannt oder geschnitten? Kratze etwas von der Lotion mit einem sauberen Fingernagel ab und trage sie direkt auf die Wunde auf. Beschichte sie wie eine zweite Haut und lasse die Lotion sanft einziehen. F\u00fcr die t\u00e4gliche Pflege empfiehlt es sich, den Balsam in die H\u00e4nde, Nagelhaut und sogar auf die F\u00fc\u00dfe und Zehen einzuarbeiten, um die Haut gesch\u00fctzt und geheilt zu halten.<\/p>\n<p>INHALTSSTOFFE: Aprikosenkern\u00f6l*, Bienenwachs*, Weizenkeim\u00f6l, Vitamin E, Karotten\u00f6l*, Granatapfel\u00f6l* \u00c4therische \u00d6le: Zitrone*, Lavendel*, Geranien*, Thymian, R\u00f6mische Kamille<\/p>\n<p>*bezeichnet biologisch angebaute Zutaten<\/p>\n","protected":false},"featured_media":9012,"template":"","meta":[],"product_brand":[],"product_cat":[162],"product_tag":[],"class_list":{"0":"post-9011","1":"product","2":"type-product","3":"status-publish","4":"has-post-thumbnail","6":"product_cat-climb-on","8":"first","9":"outofstock","10":"featured","11":"taxable","12":"shipping-taxable","13":"purchasable","14":"product-type-simple"},"_links":{"self":[{"href":"https:\/\/www.allez.ch\/web\/wp-json\/wp\/v2\/product\/9011","targetHints":{"allow":["GET"]}}],"collection":[{"href":"https:\/\/www.allez.ch\/web\/wp-json\/wp\/v2\/product"}],"about":[{"href":"https:\/\/www.allez.ch\/web\/wp-json\/wp\/v2\/types\/product"}],"wp:featuredmedia":[{"embeddable":true,"href":"https:\/\/www.allez.ch\/web\/wp-json\/wp\/v2\/media\/9012"}],"wp:attachment":[{"href":"https:\/\/www.allez.ch\/web\/wp-json\/wp\/v2\/media?parent=9011"}],"wp:term":[{"taxonomy":"product_brand","embeddable":true,"href":"https:\/\/www.allez.ch\/web\/wp-json\/wp\/v2\/product_brand?post=9011"},{"taxonomy":"product_cat","embeddable":true,"href":"https:\/\/www.allez.ch\/web\/wp-json\/wp\/v2\/product_cat?post=9011"},{"taxonomy":"product_tag","embeddable":true,"href":"https:\/\/www.allez.ch\/web\/wp-json\/wp\/v2\/product_tag?post=9011"}],"curies":[{"name":"wp","href":"https:\/\/api.w.org\/{rel}","templated":true}]}}