{"id":9015,"date":"2025-03-18T15:00:31","date_gmt":"2025-03-18T14:00:31","guid":{"rendered":"https:\/\/www.allez.ch\/web\/?post_type=product&#038;p=9015"},"modified":"2025-03-22T14:31:47","modified_gmt":"2025-03-22T13:31:47","slug":"co_bar","status":"publish","type":"product","link":"https:\/\/www.allez.ch\/web\/shop\/co_bar\/","title":{"rendered":"CO!\u2122 The Original Bar"},"content":{"rendered":"","protected":false},"excerpt":{"rendered":"<p>Der leistungsstarke Balsam, der nur aus Pflanzen und Bienenwachs besteht, kann unter den h\u00e4rtesten Bedingungen verwendet werden. Ob beim Klettern in den Alpen, in der Kletterhalle oder beim Rafting auf dem Sambesi, Climb On! Bar wird sich um alle Bed\u00fcrfnisse deiner Haut k\u00fcmmern. Der Balsam ist frei von Wasser und enth\u00e4lt heilende \u00e4therische \u00d6le, Basis\u00f6le in Lebensmittelqualit\u00e4t und Vitamin E.<\/p>\n<ul>\n<li>\n<h4>Multi-Sport, Performance Skincare\u2122 f\u00fcr die ganze Familie!<\/h4>\n<\/li>\n<li>\n<h4>Frei von F\u00fcllstoffen, Wasser und Chemikalien.<\/h4>\n<\/li>\n<li>\n<h4>Voller 100% nat\u00fcrlicher Zutaten, nur einen Schritt von der Natur entfernt<\/h4>\n<\/li>\n<\/ul>\n<p>ANWENDUNG: Nimm den Bar aus der Dose. Reibe deine H\u00e4nde nach dem Klettern oder Outdoor-Sport damit ein. Pflege damit auch deine F\u00fcsse nach dem Trailrun, Radfahren, Tanzen, Gymnastik usw.<\/p>\n<p>Kratze oder schabe etwas mit einem sauberen Daumennagel davon ab und tragen es wie eine zweite Haut auf kleinere und gr\u00f6ssere Stellen wie kleine Schnitte, Sch\u00fcrfwunden, Verbrennungen, Insektenstiche usw. auf.<\/p>\n<p>Ein perfektes kleines Erste-Hilfe-Mittel f\u00fcr den Rucksack deines Kindes oder zum Mitnehmen auf alle deine Abenteuer! Der solide Balsam geht mit dir durch dick und d\u00fcnn.<\/p>\n<p>INHALTSSTOFFE: Bio-Aprikosenkern\u00f6l, gelbes nachhaltiges Bienenwachs, Weizenkeim\u00f6l, Vitamin E, Bio-Karottensamen\u00f6l, Granatapfel\u00f6l, Bio-Geranie, Bio-Lavendel, Bio-Ylang Ylang, r\u00f6mische Kamille, Weihrauch, Myrrhe, Neroli, Bio-Zitrone<\/p>\n","protected":false},"featured_media":9016,"template":"","meta":[],"product_brand":[],"product_cat":[162],"product_tag":[],"class_list":{"0":"post-9015","1":"product","2":"type-product","3":"status-publish","4":"has-post-thumbnail","6":"product_cat-climb-on","8":"first","9":"instock","10":"featured","11":"taxable","12":"shipping-taxable","13":"purchasable","14":"product-type-simple"},"_links":{"self":[{"href":"https:\/\/www.allez.ch\/web\/wp-json\/wp\/v2\/product\/9015","targetHints":{"allow":["GET"]}}],"collection":[{"href":"https:\/\/www.allez.ch\/web\/wp-json\/wp\/v2\/product"}],"about":[{"href":"https:\/\/www.allez.ch\/web\/wp-json\/wp\/v2\/types\/product"}],"wp:featuredmedia":[{"embeddable":true,"href":"https:\/\/www.allez.ch\/web\/wp-json\/wp\/v2\/media\/9016"}],"wp:attachment":[{"href":"https:\/\/www.allez.ch\/web\/wp-json\/wp\/v2\/media?parent=9015"}],"wp:term":[{"taxonomy":"product_brand","embeddable":true,"href":"https:\/\/www.allez.ch\/web\/wp-json\/wp\/v2\/product_brand?post=9015"},{"taxonomy":"product_cat","embeddable":true,"href":"https:\/\/www.allez.ch\/web\/wp-json\/wp\/v2\/product_cat?post=9015"},{"taxonomy":"product_tag","embeddable":true,"href":"https:\/\/www.allez.ch\/web\/wp-json\/wp\/v2\/product_tag?post=9015"}],"curies":[{"name":"wp","href":"https:\/\/api.w.org\/{rel}","templated":true}]}}