{"id":9021,"date":"2025-03-18T15:16:00","date_gmt":"2025-03-18T14:16:00","guid":{"rendered":"https:\/\/www.allez.ch\/web\/?post_type=product&#038;p=9021"},"modified":"2025-03-22T14:29:07","modified_gmt":"2025-03-22T13:29:07","slug":"co-lotion","status":"publish","type":"product","link":"https:\/\/www.allez.ch\/web\/shop\/co-lotion\/","title":{"rendered":"CO!\u2122 Lotion Creme"},"content":{"rendered":"","protected":false},"excerpt":{"rendered":"<p>Diese superleckere und superfeuchtigkeitsspendende Lotion ist durch und durch vegan und sucht ihresgleichen!<\/p>\n<h4>Mit 100% reinen \u00e4therischen \u00d6len, Bio-Aloe Vera, Bio-Jojoba und Basis\u00f6len in Lebensmittelqualit\u00e4t zieht sie schnell ein und hinterl\u00e4sst deine Haut hydratisiert, geheilt und erfrischt.<\/h4>\n<h4>Ideal f\u00fcr vor und nach der Sonne. Besonders gut nach einem langen Tag im Freien, an dem du alles getan hast, was dir Spass macht!<\/h4>\n<p>ANWENDUNG: Eine kleine Menge reicht f\u00fcr eine gro\u00dfe Wirkung! Ein Pumpsto\u00df dieser hochkonzentrierten Lotion reicht aus, um Gesicht und Hals einzucremen. Grossartig f\u00fcr den ganzen K\u00f6rper! Vor und nach Sonne sowie Wind und Wetter verwenden. Sanft genug auch als Creme bei Windelausschlag. Riecht toll und ist frei von Wasser und anderen Zusatzstoffen als F\u00fcllstoffe. Nur vegane, 100% reine Zutaten, ein oder zwei Schritte von der Natur entfernt. Abenteuer los!<\/p>\n<p>INHALTSSTOFFE: Bio-Aprikosenkern\u00f6l, Bio-Hagebuttenkern\u00f6l, Bio-Jojoba, Bio-Aloe Vera, Weizenkeim\u00f6l, Granatapfel\u00f6l, Bio-Karottensamen\u00f6l, Vitamin E, Bio-Geranie, Bio-Lavendel, Bio-Ylang-Ylang, R\u00f6mische Kamille, Weihrauch, Myrrhe, Neroli, Bio-Zitrone<\/p>\n","protected":false},"featured_media":9022,"template":"","meta":[],"product_brand":[],"product_cat":[162],"product_tag":[],"class_list":{"0":"post-9021","1":"product","2":"type-product","3":"status-publish","4":"has-post-thumbnail","6":"product_cat-climb-on","8":"first","9":"instock","10":"featured","11":"taxable","12":"shipping-taxable","13":"purchasable","14":"product-type-simple"},"_links":{"self":[{"href":"https:\/\/www.allez.ch\/web\/wp-json\/wp\/v2\/product\/9021","targetHints":{"allow":["GET"]}}],"collection":[{"href":"https:\/\/www.allez.ch\/web\/wp-json\/wp\/v2\/product"}],"about":[{"href":"https:\/\/www.allez.ch\/web\/wp-json\/wp\/v2\/types\/product"}],"wp:featuredmedia":[{"embeddable":true,"href":"https:\/\/www.allez.ch\/web\/wp-json\/wp\/v2\/media\/9022"}],"wp:attachment":[{"href":"https:\/\/www.allez.ch\/web\/wp-json\/wp\/v2\/media?parent=9021"}],"wp:term":[{"taxonomy":"product_brand","embeddable":true,"href":"https:\/\/www.allez.ch\/web\/wp-json\/wp\/v2\/product_brand?post=9021"},{"taxonomy":"product_cat","embeddable":true,"href":"https:\/\/www.allez.ch\/web\/wp-json\/wp\/v2\/product_cat?post=9021"},{"taxonomy":"product_tag","embeddable":true,"href":"https:\/\/www.allez.ch\/web\/wp-json\/wp\/v2\/product_tag?post=9021"}],"curies":[{"name":"wp","href":"https:\/\/api.w.org\/{rel}","templated":true}]}}